vide 4106?
True
Does 6 divide 192?
True
Does 22 divide 550?
True
Is 84 a factor of 2485?
False
Is 144 a factor of 6048?
True
Is 18 a factor of 11790?
True
Is 6 a factor of 3090?
True
Is 2856 a multiple of 28?
True
Does 11 divide 901?
False
Is 3 a factor of 35?
False
Is 4920 a multiple of 5?
True
Is 15 a factor of 2117?
False
Does 33 divide 5574?
False
Is 33 a factor of 1315?
False
Does 17 divide 1598?
True
Is 7 a factor of 100?
False
Does 35 divide 91769?
False
Is 8403 a multiple of 7?
False
Does 37 divide 1295?
True
Does 51 divide 1928?
False
Is 5070 a multiple of 169?
True
Is 13 a factor of 2327?
True
Is 57417 a multiple of 19?
False
Is 4 a factor of 704?
True
Is 10 a factor of 520?
True
Is 45 a multiple of 2?
False
Does 13 divide 11180?
True
Is 6584 a multiple of 47?
False
Is 14 a factor of 49714?
True
Is 2048 a multiple of 21?
False
Is 2661 a multiple of 11?
False
Is 51 a factor of 357?
True
Is 24 a factor of 759?
False
Is 1547 a multiple of 27?
False
Does 109 divide 7194?
True
Is 2475 a multiple of 75?
True
Is 697 a multiple of 41?
True
Does 43 divide 2021?
True
Is 193614 a multiple of 60?
False
Does 6 divide 683?
False
Is 82 a multiple of 2?
True
Does 41 divide 7218?
False
Does 89 divide 8812?
False
Does 57 divide 855?
True
Is 4929 a multiple of 53?
True
Does 12 divide 20265?
False
Does 12 divide 132?
True
Does 15 divide 4644?
False
Is 793 a multiple of 78?
False
Does 2 divide 5?
False
Is 574 a multiple of 10?
False
Is 3 a factor of 3086?
False
Does 6 divide 109?
False
Is 32 a factor of 684?
False
Is 530 a multiple of 6?
False
Is 41055 a multiple of 255?
True
Is 495 a multiple of 9?
True
Is 9 a factor of 342?
True
Is 59908 a multiple of 214?
False
Is 835 a multiple of 89?
False
Does 86 divide 3227?
False
Is 54223 a multiple of 103?
False
Is 135 a factor of 18921?
False
Does 10 divide 24530?
True
Is 52 a factor of 3258?
False
Is 96 a factor of 19584?
True
Is 23 a factor of 736?
True
Does 4 divide 2199?
False
Is 789 a multiple of 15?
False
Does 29 divide 29464?
True
Is 5498 a multiple of 61?
False
Does 69 divide 3381?
True
Does 8 divide 5837?
False
Is 385 a multiple of 5?
True
Is 9 a factor of 46?
False
Is 15 a factor of 185?
False
Does 9 divide 720?
True
Is 13216 a multiple of 112?
True
Does 18 divide 69567?
False
Is 276 a factor of 89424?
True
Does 16 divide 3360?
True
Does 21 divide 270?
False
Is 85 a factor of 255?
True
Is 531 a multiple of 9?
True
Is 28621 a multiple of 14?
False
Is 4 a factor of 116?
True
Is 16 a factor of 67232?
True
Is 43 a factor of 26361?
False
Does 35 divide 595?
True
Is 16454 a multiple of 38?
True
Does 54 divide 4590?
True
Is 15 a factor of 24570?
True
Is 13 a factor of 247?
True
Is 9140 a multiple of 10?
True
Is 8 a factor of 19255?
False
Does 119 divide 2208?
False
Is 93 a factor of 8192?
False
Is 29 a factor of 43705?
False
Is 16 a factor of 1405?
False
Does 36 divide 1836?
True
Is 186 a factor of 21204?
True
Does 102 divide 2061?
False
Does 18 divide 4644?
True
Does 14 divide 5792?
False
Is 58 a factor of 15022?
True
Is 79 a factor of 5372?
True
Is 10 a factor of 119?
False
Is 1189 a multiple of 10?
False
Is 18816 a multiple of 112?
True
Is 10 a factor of 1867?
False
Is 504 a multiple of 8?
True
Is 19272 a multiple of 44?
True
Is 8908 a multiple of 17?
True
Is 50 a factor of 350?
True
Does 2 divide 1224?
True
Is 38088 a multiple of 207?
True
Is 1036 a multiple of 14?
True
Is 1288 a multiple of 7?
True
Is 252 a multiple of 3?
True
Is 792 a multiple of 12?
True
Does 13 divide 37011?
True
Is 18088 a multiple of 28?
True
Does 11 divide 506?
True
Does 177 divide 14337?
True
Is 170 a factor of 11709?
False
Is 18 a factor of 632?
False
Is 12 a factor of 155794?
False
Is 5 a factor of 471?
False
Is 876 a multiple of 73?
True
Is 33 a factor of 2507?
False
Is 65 a factor of 390?
True
Does 13 divide 37414?
True
Does 23 divide 6287?
False
Is 69 a factor of 1206?
False
Does 16 divide 1003?
False
Is 48 a factor of 854?
False
Does 26 divide 3874?
True
Is 7214 a multiple of 71?
False
Is 10 a factor of 680?
True
Does 43 divide 912?
False
Does 40 divide 5108?
False
Is 654 a multiple of 3?
True
Is 3738 a multiple of 42?
True
Is 2 a factor of 929?
False
Does 49 divide 637?
True
Is 740 a multiple of 11?
False
Is 9 a factor of 3660?
False
Is 3055 a multiple of 16?
False
Is 43 a factor of 1075?
True
Does 2 divide 1531?
False
Does 5 divide 7985?
True
Does 50 divide 4050?
True
Is 1330 a multiple of 14?
True
Is 19 a factor of 3752?
False
Is 600 a multiple of 3?
True
Does 13 divide 7254?
True
Is 4795 a multiple of 11?
False
Is 14157 a multiple of 99?
True
Does 23 divide 7866?
True
Is 7 a factor of 6248?
False
Is 858 a multiple of 13?
True
Is 952 a multiple of 37?
False
Does 12 divide 99072?
True
Is 15342 a multiple of 11?
False
Is 54 a factor of 5000?
False
Is 6 a factor of 601?
False
Does 4 divide 3440?
True
Does 9 divide 764?
False
Is 17 a factor of 148?
False
Is 71838 a multiple of 18?
True
Is 69 a factor of 207?
True
Does 69 divide 2447?
False
Is 10 a factor of 3310?
True
Is 144 a multiple of 16?
True
Does 23 divide 253?
True
Is 25980 a multiple of 30?
True
Does 10 divide 114?
False
Is 2259 a multiple of 4?
False
Is 87 even?
False
Is 3 a factor of 1001?
False
Is 3057 a multiple of 46?
False
Is 74 a factor of 869?
False
Is 378 a factor of 20499?
False
Does 44 divide 20680?
True
Does 25 divide 1044?
False
Does 22 divide 660?
True
Is 1846 a multiple of 142?
True
Is 5 a factor of 121?
False
Is 6489 a multiple of 103?
True
Is 6168 a multiple of 19?
False
Is 4284 a multiple of 17?
True
Is 1744 a multiple of 8?
True
Is 41 a factor of 7398?
False
Is 31 a factor of 217?
True
Does 81 divide 829?
False
Does 25 divide 40250?
True
Is 7 a factor of 3831?
False
Does 14 divide 686?
True
Is 22 a factor of 440?
True
Is 66 a factor of 132?
True
Does 211 divide 22155?
True
Is 21 a factor of 315?
True
Does 3 divide 885?
True
Is 8 a factor of 1714?
False
Is 19 a factor of 8917?
False
Is 39066 a multiple of 51?
True
Is 7123 a multiple of 17?
True
Does 34 divide 68?
True
Is 51 a factor of 11475?
True
Is 24535 a multiple of 21?
False
Is 2 a factor of 479?
False
Is 12221 a multiple of 7?
False
Is 1048 a multiple of 8?
True
Is 45 a multiple of 45?
True
Is 89 a factor of 5974?
False
Is 19 a factor of 4585?
False
Is 880 a multiple of 32?
False
Is 447 a multiple of 4?
False
Is 17 a factor of 221?
True
Is 557 a multiple of 8?
False
Is 15497 a multiple of 16?
False
Is 930 a multiple of 44?
False
Does 3 divide 2823?
True
Is 101 a factor of 1874?
False
Is 13 a factor of 9662?
False
Is 65 a factor of 810?
False
Is 3926 a multiple of 151?
True
Is 75 a factor of 23293?
False
Is 403 a multiple of 31?
True
Is 54 a factor of 339?
False
Does 5 divide 5850?
True
Is 165 a multiple of 11?
True
Is 338 a multiple of 24?
False
Is 2595 a multiple of 173?
True
Is 14 a factor of 490?
True
Is 10 a factor of 2830?
True
Does 139 divide 786?
False
Is 13940 a multiple of 41?
True
Does 3 divide 222?
True
Is 27320 a multiple of 8?
True
Does 34 divide 418?
False
Is 60 a multiple of 10?
True
Does 178 divide 1885?
False
Is 833 a multiple of 17?
True
Is 119 a factor of 6188?
True
Is 544 a multiple of 16?
True
Does 133 divide 869?
False
Does 20 divide 40655?
False
Is 14073 a multiple of 45?
False
Is 53900 a multiple of 10?
True
Is 924 a multiple of 22?
True
Does 14 divide 1895?
False
Is 16 a factor of 15598?
False
Is 32 a factor of 384?
True
Is 72 a factor of 12240?
True
Is 11 a factor of 2880?
False
Is 6 a factor of 165?
False
Is 3081 a multiple of 28?
False
Is 493 a multiple of 17?
True
Does 7 divide 6965?
True
Is 12843 a multiple of 43?
False
Is 85 a factor of 6532?
False
Is 13 a factor of 75312?
False
Does 26 divide 216?
False
Is 2375 a multiple of 94?
False
Is 84 a factor of 43475?
False
Is 27 a factor of 3618?
True
Does 15 divide 975?
True
Is 588 a multiple of 13?
False
Is 144 a multiple of 3?
True
Is 1194 a multiple of 8?
False
Is 6 a factor of 2514?
True
Does 5 divide 910?
True
Does 5 divide 990?
True
Is 7404 a multiple of 12?
True
Is 4 a factor of 615?
False
Does 12 divide 2004?
True
Does 18 divide 10419?
False
Is 13 a factor of 1027?
True
Is 3016 a multiple of 13?
True
Is 13 a factor of 3380?
True
Is 9 a factor of 6759?
True
Is 663 a multiple of 39?
True
Is 36 a factor of 21